- 37945 = -4603. Is u a composite number?
False
Let c = 20 - 15. Suppose 1951 = c*p - 3*b, -6 = -4*b + 2*b. Let u = p - -197. Is u composite?
True
Suppose 4*p - 11 + 23 = 0. Let m(k) = 111*k**2 - 5*k - 5. Is m(p) composite?
False
Suppose 3*d - 4*s - 1084 = -0*s, 2*d - 732 = -2*s. Let k = 47 + d. Is k composite?
True
Suppose -9*y = -3*y - 13470. Is y composite?
True
Let k(g) = -88*g**2 + 10*g + 5. Let o(t) = 265*t**2 - 29*t - 15. Let n(z) = 17*k(z) + 6*o(z). Suppose u = 0, 9 - 1 = -4*x - 3*u. Is n(x) a composite number?
False
Suppose 0 = 5*d + 15, -5*a + d - 5468 = 2*d. Let n = a + 1982. Is n prime?
False
Let g(y) = -y - 2. Let d be g(-6). Is d - (3 - 276/3) a prime number?
False
Suppose 0*g - 3*g = -6. Suppose -j + g*n + n + 83 = 0, 0 = -2*j + 5*n + 170. Is j a prime number?
False
Suppose 3*y = 4*z + 12, 9*z = 2*y + 4*z - 15. Suppose y*h - 7*h + 413 = 0. Is h composite?
False
Suppose -2376102 = -64*w + 213146. Is w a composite number?
True
Suppose -2 = -5*r + 18. Suppose 408 = -r*k - 0*k. Is k/(-4)*(-418)/(-33) prime?
False
Let v(k) = 8*k**3 - k**2 - 13*k + 3. Let t(j) = -j**2 - j + 10. Let q be t(-3). Is v(q) a composite number?
True
Let r(l) be the second derivative of l**5/20 + l**4/3 - 2*l**3/3 - l**2/2 + 6*l. Let s be r(-5). Let a(b) = b**3 + 6*b**2 - 6*b - 2. Is a(s) prime?
False
Suppose 5*k + 145 = -4*a, -k = -a - 20 - 5. Let b = a + 206. Let d = b + 15. Is d a composite number?
False
Let r be (-6)/27 + (-10443)/27. Let g = r + 665. Is g a prime number?
False
Suppose -g + 2*g = 2*m + 15, -4*g = 4*m - 120. Is (g/15)/5 + (-602)/(-3) a prime number?
False
Let a(m) = -3*m. Let z be a(1). Let f(t) = 2*t**2 + 4*t - 1. Let g be f(z). Suppose 9*o - g*o = 88. Is o composite?
True
Let m be 2/(-9) + (-24258)/(-54). Suppose -3*d = -m - 256. Is d a prime number?
False
Is 783 + -1 + -20 + 19 a prime number?
False
Suppose -5*k - 18844 = -2*f, 0 = -4*k + 11 - 3. Is f composite?
True
Let d be (-14)/(-42)*(-1 - -294 - 2). Suppose p - 71 = -27. Let c = d - p. Is c a prime number?
True
Suppose 0 = 3*p + 2*c + 95, -2*p + 3*c + c - 42 = 0. Suppose 4*m + 4 = -s - 8, -4*m + 5*s = -12. Is 10*m*p/4 a composite number?
True
Is ((-4832)/(-64))/((-1)/(-134)) prime?
False
Let i(s) = -s**2 - 6*s + 4. Let u be i(-7). Is 60 + (u/12)/((-2)/(-8)) composite?
False
Suppose -5*l = 3*p - 21349, 6291 = p - l - 812. Suppose 17*q = 21*q - p. Is q a prime number?
True
Suppose -9826 = -5*g - r + 22784, 5*g - 2*r = 32595. Is g prime?
True
Suppose -2*z - 3*n = z - 27, -2*z = 3*n - 23. Suppose z*i = -i + 7925. Is i prime?
False
Suppose 15*b - 7*b - 96 = 0. Suppose 16*c - b*c = 148. Is c a prime number?
True
Let b be (-4)/16*(-3 - -3). Let i = b - 0. Is (i/1 - -597)*1 a composite number?
True
Suppose 5*y = -4*u + u - 40114, -4*y = -3*u - 40096. Is (-1)/4 - u/96 prime?
True
Suppose 2*j = -o + 14, 5*j - 4*o - 25 = 10. Suppose -j*x + 415 = -2*x. Is x a prime number?
True
Suppose -1085 = u - 6*u. Let x(f) = 42*f**3 + 2*f**2 + 2*f - 2. Let q be x(2). Let d = q + u. Is d a composite number?
False
Let m(a) = 52*a + 47. Let b be m(14). Suppose -b = -11*g + 292. Is g composite?
False
Let r(w) = w**3 - 6*w**2 + 15*w + 7. Let y(b) = b**3 + 16*b**2 - b - 9. Let t be y(-16). Is r(t) prime?
False
Let w(s) = 179*s**3 + 8*s**2 - 15*s + 5. Is w(2) a composite number?
False
Let a(r) = 351*r**2 + 99*r - 7. Is a(5) composite?
True
Let d(l) = -5*l - 18. Let h be d(-4). Is 46/(-2*h/(-38)) a prime number?
False
Let q = 892 + 4779. Is q a composite number?
True
Let l be (-4 + -4 + -2)*-57. Suppose 3*d + 594 = 5*d + 2*p, 2*d - 4*p = l. Is d prime?
True
Suppose -3*x + 13929 = 3*w, 0 = -2*x - 2*x. Is w a composite number?
False
Let k(q) = 100*q**3 - 5*q**2 + q + 9. Is k(4) prime?
False
Let z(k) = -2*k**3 + k + 1. Let q = -12 - -11. Let w be z(q). Suppose -w*y = -x - 24, -3*y + 0*x = -2*x - 37. Is y composite?
False
Let d(u) = u**2 + u. Let x be d(-1). Suppose x = -3*y + 336 + 165. Is y a prime number?
True
Suppose -20*h - 42*h = -1179922. Is h composite?
False
Suppose 0 = 16*y - 41279 - 66065. Is y a composite number?
False
Is (10312/28)/((-16)/(-112)) composite?
True
Let a(o) = -o + 1. Let n(w) = -999*w - 10. Let j(c) = -5*a(c) - n(c). Is j(1) composite?
False
Is (-5)/((-20)/31928)*2/4 composite?
True
Suppose -10587 = -6*v + 1719. Is v composite?
True
Let g be 40/(-22) - (-18)/(-99). Let h = g + 333. Is h a composite number?
False
Suppose -5*m - 30 = -8*m. Suppose -7*g + m*g = 1533. Is g composite?
True
Let r be (8/(-6))/((-2)/159). Suppose r = w + 41. Let q = w - 39. Is q prime?
False
Let t(w) = -36*w**2 + 4*w - 3. Let y(f) = 35*f**2 - 3*f + 2. Let h(c) = -4*t(c) - 5*y(c). Let q be h(-2). Let l = -83 - q. Is l prime?
True
Let z(g) = -293*g - 18. Let h be z(-11). Is (-4)/(4/2)*h/(-10) composite?
False
Let d = 0 + 2. Let w(n) = -n - d + 8*n**2 - 1 + n - n. Is w(4) prime?
False
Let c = -85942 + 131277. Is c composite?
True
Suppose -4*d + 5 + 0 = -t, -d + 3*t + 4 = 0. Let y(g) = -6 + 5 - 7*g + 6 + d. Is y(-19) composite?
False
Let u(r) = 67*r**2 - 19*r - 169. Is u(-8) composite?
False
Let i = -2765 - -4308. Is i prime?
True
Let m be (((-100)/15)/(-5))/((-2)/(-3)). Suppose -m*w + p + 777 = 0, -5*p + 1449 = 4*w - 112. Is w composite?
False
Suppose 0 = 72*q - 70*q - 6. Let z(j) = 26*j**2. Let v be z(1). Is v*(17/2 + q) a prime number?
False
Is 16631/3 - (-10)/(-15) composite?
True
Let c be 1/(4/(-12))*(-3 - -4). Let u(t) = 28*t**2 - 2*t - 4. Is u(c) a prime number?
False
Let d(n) = -2*n**3 - n**2 - 3*n - 6. Let t be 14*(1 + 1/(-7)). Suppose -4*h + 4 = 3*m, -2*m + 4*h = 12 + t. Is d(m) composite?
True
Let i(p) = p**3 + 10*p**2 + 8*p - 5. Let t be i(-9). Suppose -t*g + 780 = -8*g. Let s = 576 + g. Is s prime?
False
Let d(i) = 533*i**2 + 5*i + 19. Is d(5) a composite number?
True
Suppose 11 = 3*h - 2*y + 7*y, -3*h = 2*y - 8. Is (-1 + 1/h)/((-1)/134) composite?
False
Let i(v) be the second derivative of v**5/20 + 17*v**4/12 + 11*v**3/6 + 4*v**2 - 36*v. Is i(-15) composite?
False
Let u(x) = 3136*x + 13. Is u(5) a composite number?
True
Suppose -q - 5*u - 208 = 86, 5*u = -4*q - 1146. Let l = 715 + q. Is l a composite number?
False
Let p = -2215 + 14664. Is p composite?
True
Let o(l) = -32*l - 21. Let x be o(-11). Let a = x - 129. Is a prime?
False
Let u(t) = -10*t - 5. Let o be u(-2). Let y = -13 + o. Is y/6 - (-23994)/27 a composite number?
True
Suppose 4*h = 2*h + 10954. Suppose 5*u - i - h = -3*i, 4*u - 3*i = 4400. Is u a prime number?
True
Suppose 2*i = g + 2*g - 4395, 4*g = 5*i + 5860. Is g composite?
True
Suppose 0 = -2*q - q - 3093. Let l = q + 1880. Is l a prime number?
False
Let u be 60/50*5/(-1). Is (-2*2/6)/(u/10863) prime?
False
Let n be (-3 + -3)/(-1) - 2. Suppose 0 = n*w - a - 2227, 0*a - 2780 = -5*w + 5*a. Is w prime?
True
Suppose -5*i - 5*k + 35 = 0, 1 = 2*i + 4*k - 17. Let p be (i/2)/((-18)/(-36)). Suppose -3*l + 2855 = p*z, -2*l - 2*z - 3*z + 1900 = 0. Is l composite?
True
Let s be -2 - -6*(-2)/(-4). Let p be s/((-60)/16 + 4). Is (191/p)/((-1)/(-4)) composite?
False
Let y(z) = z**2 - 2*z - 2. Let m be y(-3). Let q = m - 17. Is 10/(-15)*354/q a composite number?
False
Let q(g) = -g**3 + 17*g**2 - 12*g - 7. Let u(s) = -s**3 - 13*s**2 + s + 24. Let h be u(-13). Is q(h) prime?
True
Suppose 5*v - i = -3*i + 47, 0 = 2*v + 4*i - 22. Let o(n) = 2*n**2 - 3*n + 4. Is o(v) a composite number?
False
Let l be 14 - (0 - (-1 - -1)). Is l - 0/((-2)/((-2)/3)) a prime number?
False
Suppose -j = -b - 2*j + 1, -2*j = 3*b - 8. Let q be 0*2/b - -2. Suppose p - q*u - u - 20 = 0, -4*u = -p + 15. Is p prime?
False
Let k be (-6)/(-18) + 3/(-9). Suppose -i + 0*w + 1153 = -3*w, k = -2*w - 8. Is i prime?
False
Suppose 2*h + 6 = -6. Let u be h/1*(1 + -2). Suppose -2*x + 298 = 5*v, v - u = -4*x + 68. Is v a prime number?
False
Let g(u) be the third derivative of -u**6/30 - u**5/60 - 7*u**4/24 - u**3 + 5*u**2. Let z be g(-4). Suppose i + i - z = 0. Is i a prime number?
True
Let f(c) = -21*c**3 + 22*c**3 - 10 + 4*c - 10*c**2 + 2*c - 19. Is f(10) a composite number?
False
Let p(l) be the third derivative of -7*l**6/120 - l**5/15 + 7*l**4/24 - l**3 - 12*l**2. Let s be p(7). Is (s/8)/(4/(-16)) composite?
False
Let z(g) = 213*g**2 + 11*g + 19. Is z(-6) composite?
False
Let n = -30 - -31. Is 378/n + -1 + -2 + 4 a prime number?
True
Sup